{"id":5,"date":"2020-04-27T10:08:01","date_gmt":"2020-04-27T08:08:01","guid":{"rendered":"http:\/\/dr-laure-sigogne.fr\/?page_id=5"},"modified":"2026-03-14T19:28:55","modified_gmt":"2026-03-14T18:28:55","slug":"mesmerize","status":"publish","type":"page","link":"https:\/\/dr-laure-sigogne.fr\/","title":{"rendered":"Front Page"},"content":{"rendered":"<div  id=\"equipe\" class=\"team-2 content-section content-section-spacing\" style=\"background-color: #f8fbff; background-image: none;\" data-label=\"Equipe\" data-id=\"team--1\" data-export-id=\"team-2\" data-category=\"team\">\n<div  class=\"\">\n<div  class=\"row text-center\">\n<div  class=\"section-title-col\" data-type=\"column\">\n<h2  class=\"\"><span  style=\"color: #11223a; font-family: Muli, arial, helvetica, sans-serif; font-weight: 600;\">EQUIPE<\/span><\/h2>\n<\/div>\n<\/div>\n<div  class=\"row spaced-cols center-sm content-right-sm\" data-type=\"row\">\n<div  class=\"col-sm-6 col-md-3\">\n<div  class=\"card y-move no-padding bordered\"><img  decoding=\"async\" class=\"face\" title=\"cropped-cropped-cropped-cropped-cropped-cropped-l7a7922-scaled-3.jpeg\" src=\"https:\/\/dr-laure-sigogne.fr\/wp-content\/uploads\/2020\/04\/cropped-cropped-cropped-cropped-cropped-cropped-l7a7922-scaled-3.jpeg\" alt=\"\">\n<div  class=\"col-padding-small col-padding-small-xs description-container\" data-type=\"column\">\n<h4  class=\"font-500\">Dr Laure Sigogne<\/h4>\n<p  class=\"small\" style=\"font-style: italic;\">Chirurgien-dentiste<\/p>\ndiplom\u00e9e de la facult\u00e9 de Paris V (2005)\n<div  class=\"social-icons-group\" data-type=\"group\"><\/div>\n<\/div>\n<\/div>\n<\/div>\n\n<div  class=\"col-sm-6 col-md-3\">\n<div  class=\"card y-move no-padding bordered\">\n<div  class=\"col-padding-small col-padding-small-xs description-container\" data-type=\"column\">\n<h4  class=\"font-500\"><img  fetchpriority=\"high\" decoding=\"async\" class=\"aligncenter wp-image-920\" src=\"https:\/\/dr-laure-sigogne.fr\/wp-content\/uploads\/2022\/01\/cropped-Capture-decran-2022-01-14-a-22.26.45.png\" alt=\"\" title=\"cropped-Capture-decran-2022-01-14-a-22.26.45.png\"><\/h4>\n<h4  class=\"font-500\">Sabine<\/h4>\n<p  class=\"small\" style=\"font-style: italic;\">Assistante dentaire&nbsp;<\/p>\nqualifi\u00e9e\n<div  class=\"social-icons-group\" data-type=\"group\"><\/div>\n<\/div>\n<\/div>\n<\/div>\n<\/div>\n<\/div>\n<\/div><div  id=\"cabinet\" class=\"portfolio-1 content-section content-section-spacing\" style=\"background-color: #ffffff;\" data-label=\"Cabinet\" data-id=\"portfolio--2\" data-export-id=\"portfolio-1\" data-category=\"portfolio\">\n<div  class=\"gridContainer\">\n<div  class=\"row text-center\">\n<div  class=\"section-title-col\" data-type=\"column\">\n<h2  class=\"\"><span  style=\"color: #11223a;\">CABINET<\/span><\/h2>\n<\/div>\n<\/div>\n<div  class=\"row spaced-cols\" data-type=\"row\" data-fixed=\"true\">\n<div  class=\"col-xs-12 col-sm-4\">\n<div  class=\"contentswap-effect visible\" data-hover-fx=\"portfolio-1\">\n<div  class=\"initial-image\"><img  decoding=\"async\" src=\"https:\/\/dr-laure-sigogne.fr\/wp-content\/uploads\/2022\/01\/cropped-PHOTO-2022-01-13-15-36-12.jpg\" data-size=\"500x333\"><\/div>\n<div  class=\"overlay\"><\/div>\n<div  class=\"swap-inner col-xs-12\">\n<div  class=\"row full-height-row bottom-xs\">\n<div  class=\"col-xs-12 color1 text-center content-holder\">\n<h4  class=\"inverted font-500\"><\/h4>\n<\/div>\n<\/div>\n<\/div>\n<\/div>\n<\/div>\n<div  class=\"col-xs-12 col-sm-4\">\n<div  class=\"contentswap-effect visible\" data-hover-fx=\"portfolio-1\">\n<div  class=\"initial-image\"><img  decoding=\"async\" src=\"https:\/\/dr-laure-sigogne.fr\/wp-content\/uploads\/2022\/01\/cropped-PHOTO-2022-01-13-15-36-49-2.jpg\" data-size=\"500x333\"><\/div>\n<div  class=\"overlay\"><\/div>\n<div  class=\"swap-inner col-xs-12\">\n<div  class=\"row full-height-row bottom-xs\">\n<div  class=\"col-xs-12 color1 text-center content-holder\">\n<h4  class=\"inverted font-500\"><\/h4>\n<\/div>\n<\/div>\n<\/div>\n<\/div>\n<\/div>\n<div  class=\"col-xs-12 col-sm-4\">\n<div  class=\"contentswap-effect visible\" data-hover-fx=\"portfolio-1\">\n<div  class=\"initial-image\"><img  decoding=\"async\" src=\"https:\/\/dr-laure-sigogne.fr\/wp-content\/uploads\/2022\/01\/cropped-PHOTO-2022-01-13-15-36-12-2.jpg\" data-size=\"500x333\"><\/div>\n<div  class=\"overlay\"><\/div>\n<div  class=\"swap-inner col-xs-12\">\n<div  class=\"row full-height-row bottom-xs\">\n<div  class=\"col-xs-12 color1 text-center content-holder\">\n<h4  class=\"inverted font-500\"><\/h4>\n<\/div>\n<\/div>\n<\/div>\n<\/div>\n<\/div>\n<div  class=\"col-xs-12 col-sm-4\">\n<div  class=\"contentswap-effect visible\" data-hover-fx=\"portfolio-1\">\n<div  class=\"initial-image\"><img  decoding=\"async\" src=\"https:\/\/dr-laure-sigogne.fr\/wp-content\/uploads\/2022\/01\/cropped-PHOTO-2022-01-13-15-36-49.jpg\" data-size=\"500x333\"><\/div>\n<div  class=\"overlay\"><\/div>\n<div  class=\"swap-inner col-xs-12\">\n<div  class=\"row full-height-row bottom-xs\">\n<div  class=\"col-xs-12 color1 text-center content-holder\">\n<h4  class=\"inverted font-500\"><\/h4>\n<\/div>\n<\/div>\n<\/div>\n<\/div>\n<\/div>\n<div  class=\"col-xs-12 col-sm-4\">\n<div  class=\"contentswap-effect visible\" data-hover-fx=\"portfolio-1\">\n<div  class=\"initial-image\"><img  decoding=\"async\" src=\"https:\/\/dr-laure-sigogne.fr\/wp-content\/uploads\/2022\/01\/cropped-PHOTO-2022-01-13-15-36-49-3.jpg\" data-size=\"500x333\"><\/div>\n<div  class=\"overlay\"><\/div>\n<div  class=\"swap-inner col-xs-12\">\n<div  class=\"row full-height-row bottom-xs\">\n<div  class=\"col-xs-12 color1 text-center content-holder\">\n<h4  class=\"inverted font-500\"><\/h4>\n<\/div>\n<\/div>\n<\/div>\n<\/div>\n<\/div>\n<div  class=\"col-xs-12 col-sm-4\">\n<div  class=\"contentswap-effect visible\" data-hover-fx=\"portfolio-1\">\n<div  class=\"initial-image\"><img  decoding=\"async\" src=\"https:\/\/dr-laure-sigogne.fr\/wp-content\/uploads\/2022\/01\/cropped-Capture-decran-2022-01-14-a-22.30.13.png\" data-size=\"500x333\"><\/div>\n<div  class=\"overlay\"><\/div>\n<div  class=\"swap-inner col-xs-12\">\n<div  class=\"row full-height-row bottom-xs\">\n<div  class=\"col-xs-12 color1 text-center content-holder\">\n<h4  class=\"inverted font-500\"><\/h4>\n<\/div>\n<\/div>\n<\/div>\n<\/div>\n<\/div>\n<\/div>\n<\/div>\n<\/div><div  id=\"valeurs\" class=\"features-13 content-section content-section-spacing\" style=\"background-color: #f8fbff; background-image: none;\" data-label=\"Valeurs\" data-id=\"features--2\" data-export-id=\"features-13\" data-category=\"features\">\n<div  class=\"gridContainer\">\n<div  class=\"row text-center\">\n<div  class=\"section-title-col\" data-type=\"column\">\n<h2  class=\"\">NOS VALEURS<\/h2>\n<\/div>\n<\/div>\n<div  class=\"row spaced-cols center-sm content-left-sm\" data-type=\"row\">\n<div  class=\"col col-sm-6 space-bottom col-md-4\"><i  class=\"fa icon color1 fa-commenting-o bordered round big\"><\/i>\n<h4  class=\"\">ECHANGE<\/h4>\n<p  class=\"\">Ecouter, rassurer\n<br >Expliquer, accompagner<\/p>\n\n<\/div>\n<div  class=\"col col-sm-6 space-bottom col-md-4\"><i  class=\"fa icon color1 fa-heart-o bordered round big\"><\/i>\n<h4  class=\"\">PRESERVATION TISSULAIRE<\/h4>\n<p  class=\"\">Privil\u00e9gier les th\u00e9rapeutiques<\/p>\ncontemporaines, minimalement invasives\n\n<\/div>\n<div  class=\"col col-sm-6 space-bottom col-md-4\"><i  class=\"fa icon color1 fa-envira bordered round big\"><\/i>\n<h4  class=\"\">BIOMIMETIQUE<\/h4>\n<p  class=\"\">Copier la nature<\/p>\nChercher l\u2019esth\u00e9tique par le naturel\n\n<\/div>\n<div  class=\"col col-sm-6 space-bottom col-md-4\"><i  class=\"fa icon color1 fa-crosshairs bordered round big\"><\/i>\n<h4  class=\"\">PRECISION<\/h4>\n<p  class=\"\">Rigueur des protocoles<\/p>\nQualit\u00e9 du plateau technique\n\n<\/div>\n<div  class=\"col col-sm-6 space-bottom col-md-4\"><i  class=\"fa icon color1 fa-cogs bordered round big\"><\/i>\n<h4  class=\"\">APPROCHE GLOBALE<\/h4>\n<p  class=\"\">Diagnostic approfondi + vision sur le long terme\n= r\u00e9sultats durables<\/p>\n\n<\/div>\n<div  class=\"col col-sm-6 space-bottom col-md-4\"><i  class=\"fa icon color1 fa-star-o bordered round big\"><\/i>\n<h4  class=\"\">HYGIENE<\/h4>\n<p  class=\"\">Respect strict des normes d\u2019asepsie, de st\u00e9rilisation<\/p>\n\n<\/div>\n<\/div>\n<\/div>\n<\/div><div  id=\"parosphere\" class=\"content-10 content-section content-section-spacing\" style=\"background-color: #ffffff;\" data-label=\"Parosphere\" data-id=\"content--7\" data-export-id=\"content-10\" data-category=\"content\">\n<div  class=\"gridContainer\">\n<div  class=\"row middle-sm\">\n<div  class=\"col-sm-6 center-xs middle-xs space-bottom-xs\">\n<div  class=\"lightbox-video lightbox-video-tall dark-overlay shadow-large flexbox middle-xs center-xs\" style=\"background-image: url('https:\/\/dr-laure-sigogne.fr\/wp-content\/uploads\/2023\/01\/cropped-image-parosphere-1.jpg');\" data-type=\"group\" data-bg=\"image\"><\/div>\n<\/div>\n<div  class=\"col-sm-6 space-bottom-xs\" data-type=\"column\">\n<h2  class=\"\">La parodontite, un danger pour vos dents et votre sant\u00e9 g\u00e9n\u00e9rale<\/h2>\n<p  class=\"\">Visionnez la vid\u00e9o pour tout comprendre sur la parodontite et l\u2019importance du passage des brossettes interdentaires.<\/p>\n\n<a  class=\"button color1 square\" href=\"https:\/\/youtu.be\/PwMTNd-wvxs\" target=\"_self\" data-cp-link=\"1\" data-icon=\"\" rel=\"noopener\">Voir la vid\u00e9o<\/a><h6  class=\"\"><span  style=\"font-weight: 300; font-style: italic;\">Vid\u00e9o tir\u00e9e du site parosphere.org<\/span><\/h6>\n<\/div>\n<\/div>\n<\/div>\n<\/div><div  id=\"infos\" class=\"content-12 content-section content-section-spacing\" style=\"background-color: rgb(248, 251, 255); background-image: none;\" data-label=\"Infos\" data-id=\"content--5\" data-export-id=\"content-12\" data-category=\"content\">\n<div  class=\"gridContainer\"><div  data-section-title-area=\"true\" class=\"row text-center\">   <div  class=\"section-title-col\" data-type=\"column\">       <h2  class=\"\">INFOS PRATIQUES<\/h2>       <p  class=\"lead\">21 rue Thiers \u2013&nbsp;95300 PONTOISE<br >01 84 24 48 60\n<br ><br ><b >HORAIRES D\u2019OUVERTURE :<\/b>\n<br >lundi 9h30 \u2013 17h30\n<br >mardi, jeudi 9h30 \u2013 18h30\n<br >vendredi 9h30 \u2013 17h\n<br >Uniquement sur rendez-vous<\/p><a  class=\"button big color1 square\" href=\"https:\/\/rdvdentiste.net\/pontoise\/laure-sigogne.html\" target=\"_blank\" data-cp-link=\"1\" data-icon=\"\">Prendre RDV<\/a>   <\/div><\/div>\n\n<div  class=\"row center-xs middle-xs\">\n<div  class=\"col-sm-9\" data-type=\"column\"><a  class=\"\" href=\"\/\/goo.gl\/maps\/SaGba18jeLt2MHZn9\" target=\"_blank\" rel=\"noopener\" data-cp-link=\"1\"><img  decoding=\"async\" class=\"shadow-large\" title=\"cropped-Capture-d\u2019\u00e9cran-2020-06-13-\u00e0-02.09.00-1.png\" src=\"https:\/\/dr-laure-sigogne.fr\/wp-content\/uploads\/2022\/01\/Google-maps-Pontoise.png\" alt=\"\"><\/a>\n\nACC\u00c8S\n\n<span  style=\"font-weight: 600;\" class=\"\">en train<\/span> :\n\nRER C, Transiliens H, J\n\n<span  style=\"font-weight: 600;\" class=\"\">en bus<\/span> :\n\narr\u00eat \u00ab&nbsp;Place du G\u00e9n\u00e9ral de Gaulle \/ Gare de Pontoise&nbsp;\u00bb,\n\nlignes 33, 35, 43, 95-04, 95-05, 95-06, 95-07, 95-08, 95-12 et 95-41\n :\n\nparking Place du G\u00e9n\u00e9ral de Gaulle (gare)\n\nparking Parc aux Charettes\n\nparking Place Notre-Dame\n\n<\/div>\n<\/div>\n<\/div>\n<\/div>","protected":false},"excerpt":{"rendered":"<p>EQUIPE Dr Laure Sigogne Chirurgien-dentiste diplom\u00e9e de la facult\u00e9 de Paris V (2005) Sabine Assistante dentaire&nbsp; qualifi\u00e9e CABINET NOS VALEURS ECHANGE Ecouter, rassurer Expliquer, accompagner PRESERVATION TISSULAIRE Privil\u00e9gier les th\u00e9rapeutiques contemporaines, minimalement invasives BIOMIMETIQUE Copier la nature Chercher l\u2019esth\u00e9tique par le naturel PRECISION Rigueur des protocoles Qualit\u00e9 du plateau technique APPROCHE GLOBALE Diagnostic approfondi +&hellip; <br \/> <a class=\"read-more\" href=\"https:\/\/dr-laure-sigogne.fr\/\">Read more<\/a><\/p>\n","protected":false},"author":1,"featured_media":0,"parent":0,"menu_order":0,"comment_status":"closed","ping_status":"closed","template":"page-templates\/homepage.php","meta":{"footnotes":""},"class_list":["post-5","page","type-page","status-publish","hentry"],"_links":{"self":[{"href":"https:\/\/dr-laure-sigogne.fr\/index.php?rest_route=\/wp\/v2\/pages\/5","targetHints":{"allow":["GET"]}}],"collection":[{"href":"https:\/\/dr-laure-sigogne.fr\/index.php?rest_route=\/wp\/v2\/pages"}],"about":[{"href":"https:\/\/dr-laure-sigogne.fr\/index.php?rest_route=\/wp\/v2\/types\/page"}],"author":[{"embeddable":true,"href":"https:\/\/dr-laure-sigogne.fr\/index.php?rest_route=\/wp\/v2\/users\/1"}],"replies":[{"embeddable":true,"href":"https:\/\/dr-laure-sigogne.fr\/index.php?rest_route=%2Fwp%2Fv2%2Fcomments&post=5"}],"version-history":[{"count":231,"href":"https:\/\/dr-laure-sigogne.fr\/index.php?rest_route=\/wp\/v2\/pages\/5\/revisions"}],"predecessor-version":[{"id":957,"href":"https:\/\/dr-laure-sigogne.fr\/index.php?rest_route=\/wp\/v2\/pages\/5\/revisions\/957"}],"wp:attachment":[{"href":"https:\/\/dr-laure-sigogne.fr\/index.php?rest_route=%2Fwp%2Fv2%2Fmedia&parent=5"}],"curies":[{"name":"wp","href":"https:\/\/api.w.org\/{rel}","templated":true}]}}